9, what is 6430 - 10?
6420
In base 10, what is -3588 + -28?
-3616
In base 16, what is -2 + -33f6?
-33f8
In base 11, what is 545973 + 1?
545974
In base 2, what is -111 + -11001110000?
-11001110111
In base 10, what is 80 + 2751?
2831
In base 8, what is -106 - -1027?
721
In base 12, what is 99 + 316?
3b3
In base 14, what is 7dc37 + 2?
7dc39
In base 14, what is -812 + 0?
-812
In base 8, what is 1346221 - -4?
1346225
In base 12, what is -326 + 4b?
-297
In base 10, what is -26808 + 0?
-26808
In base 12, what is 3 - 55500?
-554b9
In base 9, what is -3 + 13373?
13370
In base 8, what is 233604 + 5?
233611
In base 7, what is -4 - -114020?
114013
In base 9, what is -12086 + -7?
-12104
In base 16, what is 1817f - -c?
1818b
In base 15, what is 305c - -1?
305d
In base 9, what is 4 - -31223?
31227
In base 3, what is -12 - 2012011000?
-2012011012
In base 2, what is 1010010110 - -100100110001?
101111000111
In base 16, what is -7 + 3a13?
3a0c
In base 10, what is -612 - -59?
-553
In base 11, what is 57023 + 1?
57024
In base 16, what is -1 + -354a?
-354b
In base 15, what is 15ea6 + 5?
15eab
In base 12, what is -1407402 - 0?
-1407402
In base 16, what is 5 + 3073?
3078
In base 16, what is -26ad6 + -4?
-26ada
In base 3, what is 10220210200 + -10?
10220210120
In base 8, what is -55 - -16653?
16576
In base 8, what is 541227 + -1?
541226
In base 7, what is -4 - -22402?
22365
In base 5, what is -13 + -323012?
-323030
In base 5, what is 1000443 - -13?
1001011
In base 6, what is 30124 - -3?
30131
In base 4, what is -303110 - -102?
-303002
In base 9, what is -1684 - 104?
-1788
In base 4, what is 122 - 10112?
-3330
In base 4, what is 1111102111 - 0?
1111102111
In base 9, what is 153460 + -4?
153455
In base 16, what is -262d - 9?
-2636
In base 6, what is -13 - 2333112?
-2333125
In base 13, what is -a - 2847?
-2854
In base 3, what is 2 - -11201110000?
11201110002
In base 6, what is -22424 + 0?
-22424
In base 8, what is -164447 - -2?
-164445
In base 7, what is 16 + 364056?
364105
In base 14, what is 2b5 - 4d8?
-223
In base 9, what is 1016 - -118?
1135
In base 7, what is -1 - 451264?
-451265
In base 8, what is 1561 - 267?
1272
In base 16, what is -184a6 + 1?
-184a5
In base 13, what is -5b + 18b?
130
In base 3, what is 100011221212 + 12?
100011222001
In base 9, what is -373 + 131?
-242
In base 15, what is -3c06 - 3?
-3c09
In base 9, what is 1314 - -320?
1634
In base 13, what is -75c5b + 3?
-75c58
In base 5, what is 301304214 - -2?
301304221
In base 11, what is 231a2a - 2?
231a28
In base 3, what is 11 + -211102111?
-211102100
In base 9, what is 2 - 3532?
-3530
In base 10, what is 3577 + -80?
3497
In base 10, what is 316 - -42?
358
In base 7, what is 31 + 3030?
3061
In base 12, what is 22 + -1885?
-1863
In base 6, what is 413 + 15214?
20031
In base 12, what is -5b3 + -20?
-613
In base 13, what is -3 - 37c39?
-37c3c
In base 16, what is -18b + 22?
-169
In base 15, what is -2e + -323?
-352
In base 5, what is -2310 + -2230?
-10040
In base 5, what is 304014230 + 4?
304014234
In base 14, what is 2361b + 38?
23655
In base 8, what is 1321 + 236?
1557
In base 4, what is -321013331 + -22?
-321020013
In base 15, what is -19ddc + 1?
-19ddb
In base 11, what is -3 + 68783?
68780
In base 6, what is 2 + -22140442?
-22140440
In base 8, what is 1040 + -36?
1002
In base 15, what is -1 + 62?
61
In base 13, what is -90555 - -3?
-90552
In base 3, what is -11121002 + -212?
-11121221
In base 6, what is 3255421 + 4?
3255425
In base 2, what is 10110001110010 - -11?
10110001110101
In base 4, what is 10 - 20301?
-20231
In base 5, what is 1022414 - 4?
1022410
In base 6, what is 4555 - -5?
5004
In base 11, what is 50 + 14a8?
1548
In base 13, what is 0 - -45bc9?
45bc9
In base 3, what is -1 - -1001200000?
1001122222
In base 3, what is 111 + 10001212122?
10001220010
In base 16, what is 5 + -2f74?
-2f6f
In base 7, what is 235 + -451?
-213
In base 16, what is 40 - -646?
686
In base 10, what is -294 + -70?
-364
In base 11, what is 4 - 8812?
-8809
In base 9, what is 543 - -8634?
10277
In base 2, what is -110110 + 100001100101100?
100001011110110
In base 16, what is -341b - 2d?
-3448
In base 12, what is 57 + 21378?
21413
In base 15, what is -23d61 + 5?
-23d5b
In base 15, what is 1 + -7daa?
-7da9
In base 6, what is -3 - -2542?
2535
In base 13, what is -273 - 4860?
-4b03
In base 2, what is 1110 + 1000000001?
1000001111
In base 2, what is -1111111 - 10110100?
-100110011
In base 5, what is 442 + -20103?
-14111
In base 8, what is -3661761 - 0?
-3661761
In base 2, what is 1 - 100011011101100?
-100011011101011
In base 8, what is -12 + -125766?
-126000
In base 11, what is 2 + 39824?
39826
In base 6, what is 10350443 + 12?
10350455
In base 11, what is -36a24 - 48?
-36a71
In base 8, what is 454 - -3463?
4137
In base 9, what is -13664438 - -5?
-13664433
In base 10, what is -10430 + -91?
-10521
In base 10, what is 2343 + -2898?
-555
In base 6, what is -13004 - 12212?
-25220
In base 10, what is 1622 - 46?
1576
In base 11, what is -1454 - 84?
-1528
In base 8, what is -273 + 432?
137
In base 15, what is d5c9 + 10?
d5d9
In base 12, what is -156482 - 2?
-156484
In base 5, what is 11 - -1334332?
1334343
In base 13, what is 16ab82 - -1?
16ab83
In base 5, what is 3 - 3431201?
-3431143
In base 13, what is 765 + -192?
5a3
In base 11, what is 4623 + -75?
4559
In base 7, what is -25606 + -16?
-25625
In base 15, what is -c30 - 9?
-c39
In base 7, what is 5 + -22405?
-22400
In base 9, what is -43533 - -5?
-43527
In base 8, what is -4610 + 40?
-4550
In base 15, what is -178b - 15?
-17a1
In base 13, what is 353 - -8?
35b
In base 3, what is -20211211 + 10222?
-20200212
In base 8, what is 4 + -24052?
-24046
In base 15, what is -24a - -d7?
-163
In base 15, what is -64c7 - -3?
-64c4
In base 4, what is -13132230003 - 3?
-13132230012
In base 9, what is 4662 - -45?
4717
In base 11, what is -1 + -a8768?
-a8769
In base 5, what is 310 + -201?
104
In base 6, what is 334150 - -1?
334151
In base 9, what is 5 - -601?
606
In base 16, what is 99 - 3b1?
-318
In base 12, what is 171 + 13?
184
In base 2, what is -10000110101011 - 100010100?
-10001010111111
In base 14, what is -b2 - -176c?
169a
In base 5, what is 2 + 33213122?
33213124
In base 10, what is -1 - -102836?
102835
In base 6, what is -155014 - -2?
-155012
In base 2, what is 11 + 1010100111000001?
1010100111000100
In base 9, what is 217 - -604?
822
In base 13, what is 479bc + -5?
479b7
In base 10, what is 228 + 489?
717
In base 4, what is -3 + -123003?
-123012
In base 5, what is -1402341402 + 10?
-1402341342
In base 10, what is -924 + 33?
-891
In base 11, what is -2002 - 1?
-2003
In base 4, what is -12303012 + 0?
-12303012
In base 3, what is -101 + -2001111012?
-2001111120
In base 2, what is 1111100110 - 101111?
1110110111
In base 15, what is -1 + 5be?
5bd
In base 10, what is -2222 + 50?
-2172
In base 2, what is 10111101 + -10001110110?
-1110111001
In base 12, what is -a3 - 394?
-477
In base 14, what is -3 - 6618?
-661b
In base 8, what is -26755 - 2?
-26757
In base 3, what is 10 + 10111110101200?
10111110101210
In base 4, what is -1322133 + 1022?
-1321111
In base 4, what is -2112131 + -2?
-2112133
In base 16, what is -377 - -43?
-334
In base 12, what is 5 + -476a?
-4765
In base 3, what is -22021202 + -10?
-22021212
In base 10, what is 5565 - -3?
5568
In base 13, what is -80 + -702?
-782
In base 14, what is -c - 336da?
-33708
In base 8, what is -13 + 551?
536
In base 11, what is 4 + 6a53a?
6a543
In base 4, what is 203 - 2112?
-1303
In base 7, what is 356666 + -3?
356663
In base 14, what is -2357 - 18?
-2371
In base 10, what is -111 - 3501?
-3612
In base 12, what is -3 - 14374?
-14377
In base 4, what is -100300 - 1110?
-102010
In base 15, what is -4 - 1020?
-1024
In base 6, what is -241134 - -5?
-241125
In base 6, what is -452302 + -1?
-452303
In base 15, what is -11 - 2b37?
-2b48
In base 13, what is 126 - -3b8?
511
In base 5, what is -4 + -21212344?
-21212403
In base 5, what is -441 + -1031434?
-1032430
In base 14, what is -2b1710 - 1?
-2b1711
In base 15, what is 0 - 66e64?
-66e64
In base 6, what is 1 + -15213040?
-15213035
In base 5, what is -2 - -13342310?
13342303
In base 3, what is 10101200 + -112?
10101011
In base 4, what is 110130 - 13312?
30212
In base 2, what is -11 - -100011110010011?
10001111